{"id":75,"date":"2021-02-19T09:31:39","date_gmt":"2021-02-19T08:31:39","guid":{"rendered":"http:\/\/pro.citemomes.fr\/?page_id=75"},"modified":"2021-11-02T14:49:17","modified_gmt":"2021-11-02T13:49:17","slug":"tricote-moi-un-tableau","status":"publish","type":"page","link":"https:\/\/pro.citemomes.fr\/index.php\/tricote-moi-un-tableau\/","title":{"rendered":"\u00ab Tricote-moi un tableau \u00bb"},"content":{"rendered":"\t\t<div data-elementor-type=\"wp-page\" data-elementor-id=\"75\" class=\"elementor elementor-75\">\n\t\t\t\t\t\t<section class=\"elementor-section elementor-top-section elementor-element elementor-element-7949354 elementor-section-boxed elementor-section-height-default elementor-section-height-default\" data-id=\"7949354\" data-element_type=\"section\">\n\t\t\t\t\t\t<div class=\"elementor-container elementor-column-gap-default\">\n\t\t\t\t\t<div class=\"elementor-column elementor-col-100 elementor-top-column elementor-element elementor-element-51d2f87\" data-id=\"51d2f87\" data-element_type=\"column\">\n\t\t\t<div class=\"elementor-widget-wrap elementor-element-populated\">\n\t\t\t\t\t\t<div class=\"elementor-element elementor-element-32bb74e elementor-widget elementor-widget-text-editor\" data-id=\"32bb74e\" data-element_type=\"widget\" data-widget_type=\"text-editor.default\">\n\t\t\t\t<div class=\"elementor-widget-container\">\n\t\t\t\t\t\t\t<p style=\"text-align: center;\"><strong>Depuis la cr\u00e9ation de notre <a href=\"https:\/\/tricoteunsourire.com\/monet\/aventure-suzanne\/\">premi\u00e8re oeuvre g\u00e9ante en tricot<\/a>, une v\u00e9ritable dynamique a \u00e9t\u00e9 impuls\u00e9e !\u00a0<\/strong><\/p><p style=\"text-align: center;\">C\u2019est ainsi qu\u2019un certain nombre de structures ont rejoint le d\u00e9fi \u00ab Ensemble nous sommes Monet \u00bb en cr\u00e9ant elles-m\u00eames leur propre tableau, ou le d\u00e9tail d\u2019une \u0153uvre c\u00e9l\u00e8bre, comme par exemple <i>Les Tournesols<\/i> ou<i> La Nuit \u00c9toil\u00e9e<\/i> de Van Gogh.<\/p><p style=\"text-align: center;\">Cette magie unique de voir une oeuvre qui cr\u00e9e du lien et surtout des sourires na\u00eetre\u2026<\/p><p style=\"text-align: center;\">Nous vous proposons de la partager avec nous !<\/p>\t\t\t\t\t\t<\/div>\n\t\t\t\t<\/div>\n\t\t\t\t\t<\/div>\n\t\t<\/div>\n\t\t\t\t\t<\/div>\n\t\t<\/section>\n\t\t\t\t<section class=\"elementor-section elementor-top-section elementor-element elementor-element-e1ef6b5 elementor-section-boxed elementor-section-height-default elementor-section-height-default\" data-id=\"e1ef6b5\" data-element_type=\"section\">\n\t\t\t\t\t\t<div class=\"elementor-container elementor-column-gap-default\">\n\t\t\t\t\t<div class=\"elementor-column elementor-col-100 elementor-top-column elementor-element elementor-element-cb15d17\" data-id=\"cb15d17\" data-element_type=\"column\">\n\t\t\t<div class=\"elementor-widget-wrap elementor-element-populated\">\n\t\t\t\t\t\t<div class=\"elementor-element elementor-element-9989d49 elementor-widget elementor-widget-text-editor\" data-id=\"9989d49\" data-element_type=\"widget\" data-widget_type=\"text-editor.default\">\n\t\t\t\t<div class=\"elementor-widget-container\">\n\t\t\t\t\t\t\t<p style=\"text-align: center;\">photo tricote-moi un tablo<\/p>\t\t\t\t\t\t<\/div>\n\t\t\t\t<\/div>\n\t\t\t\t\t<\/div>\n\t\t<\/div>\n\t\t\t\t\t<\/div>\n\t\t<\/section>\n\t\t\t\t<section class=\"elementor-section elementor-top-section elementor-element elementor-element-161d018 elementor-section-boxed elementor-section-height-default elementor-section-height-default\" data-id=\"161d018\" data-element_type=\"section\">\n\t\t\t\t\t\t<div class=\"elementor-container elementor-column-gap-default\">\n\t\t\t\t\t<div class=\"elementor-column elementor-col-100 elementor-top-column elementor-element elementor-element-3e9ddb4\" data-id=\"3e9ddb4\" data-element_type=\"column\">\n\t\t\t<div class=\"elementor-widget-wrap elementor-element-populated\">\n\t\t\t\t\t\t<div class=\"elementor-element elementor-element-e73744b elementor-widget elementor-widget-text-editor\" data-id=\"e73744b\" data-element_type=\"widget\" data-widget_type=\"text-editor.default\">\n\t\t\t\t<div class=\"elementor-widget-container\">\n\t\t\t\t\t\t\t<h4 style=\"font-size: 20px; text-align: center;\"><span style=\"color: #008080;\"><span style=\"text-decoration: underline;\">Notre<\/span><b><span style=\"text-decoration: underline;\"> objectif ultime<\/span> ?<\/b><\/span><\/h4><p style=\"text-align: center;\">Cr\u00e9er une v\u00e9ritable collection de tableaux m\u00ealant <strong>art<\/strong> et <strong>tricot<\/strong> !<\/p><p style=\"text-align: center;\">Vous souhaitez vous lancer \u00e0 votre tour dans l\u2019aventure d\u2019un tableau en tricot et ainsi initier un projet original et in\u00e9dit au sein de votre structure ? N\u2019h\u00e9sitez plus, rejoignez l\u2019aventure !<\/p><p style=\"text-align: center;\">\u00a0<\/p><p><strong><span style=\"text-decoration: underline; color: #008080;\">Lancer un projet Tricote-moi un tableau dans sa structure, c\u2019est<\/span><span style=\"color: #008080;\"> :<\/span><\/strong><\/p><ul><li style=\"list-style-type: none;\"><ul><li style=\"list-style-type: none;\"><ul><li aria-level=\"1\"><strong>D\u00e9couvrir<\/strong> l\u2019art et l\u2019univers du textile de mani\u00e8re ludique,<\/li><li aria-level=\"1\"><strong>Lancer<\/strong> un projet participatif <strong>innovant<\/strong>,<\/li><li aria-level=\"1\"><strong>Cr\u00e9er<\/strong> du lien social et interg\u00e9n\u00e9rationnel au sein d\u2019une m\u00eame structure,<\/li><li aria-level=\"1\"><strong>Profiter<\/strong> de notre pr\u00e9cieuse banque \u00e0 carr\u00e9s mais aussi de notre exp\u00e9rience et expertise unique,<\/li><li aria-level=\"1\"><strong>R\u00e9aliser<\/strong> des oeuvres plus petites, plus facilement transportables mais aussi exposables au sein de votre structure,<\/li><li aria-level=\"1\"><strong>Rejoindre<\/strong> une communaut\u00e9 passionn\u00e9e et dynamique !<\/li><\/ul><\/li><\/ul><\/li><\/ul>\t\t\t\t\t\t<\/div>\n\t\t\t\t<\/div>\n\t\t\t\t\t<\/div>\n\t\t<\/div>\n\t\t\t\t\t<\/div>\n\t\t<\/section>\n\t\t\t\t<section class=\"elementor-section elementor-top-section elementor-element elementor-element-67c4c7bb elementor-section-boxed elementor-section-height-default elementor-section-height-default\" data-id=\"67c4c7bb\" data-element_type=\"section\">\n\t\t\t\t\t\t<div class=\"elementor-container elementor-column-gap-default\">\n\t\t\t\t\t<div class=\"elementor-column elementor-col-100 elementor-top-column elementor-element elementor-element-48329cbf\" data-id=\"48329cbf\" data-element_type=\"column\">\n\t\t\t<div class=\"elementor-widget-wrap elementor-element-populated\">\n\t\t\t\t\t\t<div class=\"elementor-element elementor-element-7be08b69 elementor-widget elementor-widget-text-editor\" data-id=\"7be08b69\" data-element_type=\"widget\" data-widget_type=\"text-editor.default\">\n\t\t\t\t<div class=\"elementor-widget-container\">\n\t\t\t\t\t\t\t<p style=\"text-align: center;\"><strong style=\"font-size: 18px;\"><span style=\"font-size: 18px; color: #008080;\">\u27a1\ufe0f\u00a0<\/span><span style=\"font-size: 18px; text-decoration-line: underline;\"><span style=\"font-size: 18px; color: #008080;\">Cliquez ici pour consulter et t\u00e9l\u00e9charger le document de pr\u00e9sentation de l&rsquo;offre \u00ab\u00a0Tricote-moi un tableau\u00a0\u00bb<\/span><\/span><span style=\"font-size: 18px; color: #008080;\">.<\/span><\/strong><\/p>\t\t\t\t\t\t<\/div>\n\t\t\t\t<\/div>\n\t\t\t\t\t<\/div>\n\t\t<\/div>\n\t\t\t\t\t<\/div>\n\t\t<\/section>\n\t\t\t\t<section class=\"elementor-section elementor-top-section elementor-element elementor-element-3e866bc2 elementor-section-boxed elementor-section-height-default elementor-section-height-default\" data-id=\"3e866bc2\" data-element_type=\"section\">\n\t\t\t\t\t\t<div class=\"elementor-container elementor-column-gap-default\">\n\t\t\t\t\t<div class=\"elementor-column elementor-col-100 elementor-top-column elementor-element elementor-element-10d01404\" data-id=\"10d01404\" data-element_type=\"column\">\n\t\t\t<div class=\"elementor-widget-wrap elementor-element-populated\">\n\t\t\t\t\t\t<div class=\"elementor-element elementor-element-15b50d0c elementor-widget elementor-widget-text-editor\" data-id=\"15b50d0c\" data-element_type=\"widget\" data-widget_type=\"text-editor.default\">\n\t\t\t\t<div class=\"elementor-widget-container\">\n\t\t\t\t\t\t\t<p style=\"text-align: center;\"><span style=\"color: #000000;\"><strong>Tarifs\u00a0:<\/strong><\/span><\/p><p style=\"text-align: center;\"><a href=\"http:\/\/pro.citemomes.fr\/index.php\/contact\/\"><strong>Devis disponible sur demande par t\u00e9l\u00e9phone ou par mail.<\/strong><\/a><\/p>\t\t\t\t\t\t<\/div>\n\t\t\t\t<\/div>\n\t\t\t\t\t<\/div>\n\t\t<\/div>\n\t\t\t\t\t<\/div>\n\t\t<\/section>\n\t\t\t\t<\/div>\n\t\t","protected":false},"excerpt":{"rendered":"<p>Depuis la cr\u00e9ation de notre premi\u00e8re oeuvre g\u00e9ante en tricot, une v\u00e9ritable dynamique a \u00e9t\u00e9 impuls\u00e9e !\u00a0 C\u2019est ainsi qu\u2019un certain nombre de structures ont rejoint le d\u00e9fi \u00ab Ensemble nous sommes Monet \u00bb en cr\u00e9ant elles-m\u00eames leur propre tableau, ou le d\u00e9tail d\u2019une \u0153uvre c\u00e9l\u00e8bre, comme par exemple Les Tournesols ou La Nuit \u00c9toil\u00e9e&hellip; <a href=\"https:\/\/pro.citemomes.fr\/index.php\/tricote-moi-un-tableau\/\" class=\"more-link\">Lire la suite <span class=\"screen-reader-text\">\u00ab Tricote-moi un tableau \u00bb<\/span><\/a><\/p>\n","protected":false},"author":1,"featured_media":0,"parent":0,"menu_order":0,"comment_status":"closed","ping_status":"closed","template":"elementor_header_footer","meta":[],"yoast_head":"<!-- This site is optimized with the Yoast SEO plugin v21.1 - https:\/\/yoast.com\/wordpress\/plugins\/seo\/ -->\n<title>\u00ab Tricote-moi un tableau \u00bb - Cit\u00e9m\u00f4mes<\/title>\n<meta name=\"robots\" content=\"index, follow, max-snippet:-1, max-image-preview:large, max-video-preview:-1\" \/>\n<link rel=\"canonical\" href=\"https:\/\/pro.citemomes.fr\/index.php\/tricote-moi-un-tableau\/\" \/>\n<meta property=\"og:locale\" content=\"fr_FR\" \/>\n<meta property=\"og:type\" content=\"article\" \/>\n<meta property=\"og:title\" content=\"\u00ab Tricote-moi un tableau \u00bb - Cit\u00e9m\u00f4mes\" \/>\n<meta property=\"og:description\" content=\"Depuis la cr\u00e9ation de notre premi\u00e8re oeuvre g\u00e9ante en tricot, une v\u00e9ritable dynamique a \u00e9t\u00e9 impuls\u00e9e !\u00a0 C\u2019est ainsi qu\u2019un certain nombre de structures ont rejoint le d\u00e9fi \u00ab Ensemble nous sommes Monet \u00bb en cr\u00e9ant elles-m\u00eames leur propre tableau, ou le d\u00e9tail d\u2019une \u0153uvre c\u00e9l\u00e8bre, comme par exemple Les Tournesols ou La Nuit \u00c9toil\u00e9e&hellip; Lire la suite \u00ab Tricote-moi un tableau \u00bb\" \/>\n<meta property=\"og:url\" content=\"https:\/\/pro.citemomes.fr\/index.php\/tricote-moi-un-tableau\/\" \/>\n<meta property=\"og:site_name\" content=\"Cit\u00e9m\u00f4mes\" \/>\n<meta property=\"article:modified_time\" content=\"2021-11-02T13:49:17+00:00\" \/>\n<meta name=\"twitter:card\" content=\"summary_large_image\" \/>\n<meta name=\"twitter:label1\" content=\"Dur\u00e9e de lecture estim\u00e9e\" \/>\n\t<meta name=\"twitter:data1\" content=\"1 minute\" \/>\n<script type=\"application\/ld+json\" class=\"yoast-schema-graph\">{\"@context\":\"https:\/\/schema.org\",\"@graph\":[{\"@type\":\"WebPage\",\"@id\":\"https:\/\/pro.citemomes.fr\/index.php\/tricote-moi-un-tableau\/\",\"url\":\"https:\/\/pro.citemomes.fr\/index.php\/tricote-moi-un-tableau\/\",\"name\":\"\u00ab Tricote-moi un tableau \u00bb - Cit\u00e9m\u00f4mes\",\"isPartOf\":{\"@id\":\"https:\/\/pro.citemomes.fr\/#website\"},\"datePublished\":\"2021-02-19T08:31:39+00:00\",\"dateModified\":\"2021-11-02T13:49:17+00:00\",\"breadcrumb\":{\"@id\":\"https:\/\/pro.citemomes.fr\/index.php\/tricote-moi-un-tableau\/#breadcrumb\"},\"inLanguage\":\"fr-FR\",\"potentialAction\":[{\"@type\":\"ReadAction\",\"target\":[\"https:\/\/pro.citemomes.fr\/index.php\/tricote-moi-un-tableau\/\"]}]},{\"@type\":\"BreadcrumbList\",\"@id\":\"https:\/\/pro.citemomes.fr\/index.php\/tricote-moi-un-tableau\/#breadcrumb\",\"itemListElement\":[{\"@type\":\"ListItem\",\"position\":1,\"name\":\"Accueil\",\"item\":\"https:\/\/pro.citemomes.fr\/\"},{\"@type\":\"ListItem\",\"position\":2,\"name\":\"\u00ab Tricote-moi un tableau \u00bb\"}]},{\"@type\":\"WebSite\",\"@id\":\"https:\/\/pro.citemomes.fr\/#website\",\"url\":\"https:\/\/pro.citemomes.fr\/\",\"name\":\"Cit\u00e9m\u00f4mes\",\"description\":\"D\u00e9couvrir, cr\u00e9er, r\u00eaver\",\"publisher\":{\"@id\":\"https:\/\/pro.citemomes.fr\/#organization\"},\"potentialAction\":[{\"@type\":\"SearchAction\",\"target\":{\"@type\":\"EntryPoint\",\"urlTemplate\":\"https:\/\/pro.citemomes.fr\/?s={search_term_string}\"},\"query-input\":\"required name=search_term_string\"}],\"inLanguage\":\"fr-FR\"},{\"@type\":\"Organization\",\"@id\":\"https:\/\/pro.citemomes.fr\/#organization\",\"name\":\"Cit\u00e9m\u00f4mes\",\"url\":\"https:\/\/pro.citemomes.fr\/\",\"logo\":{\"@type\":\"ImageObject\",\"inLanguage\":\"fr-FR\",\"@id\":\"https:\/\/pro.citemomes.fr\/#\/schema\/logo\/image\/\",\"url\":\"https:\/\/pro.citemomes.fr\/wp-content\/uploads\/2021\/03\/cropped-Baniere-haut-definition-1.png\",\"contentUrl\":\"https:\/\/pro.citemomes.fr\/wp-content\/uploads\/2021\/03\/cropped-Baniere-haut-definition-1.png\",\"width\":518,\"height\":286,\"caption\":\"Cit\u00e9m\u00f4mes\"},\"image\":{\"@id\":\"https:\/\/pro.citemomes.fr\/#\/schema\/logo\/image\/\"}}]}<\/script>\n<!-- \/ Yoast SEO plugin. -->","yoast_head_json":{"title":"\u00ab Tricote-moi un tableau \u00bb - Cit\u00e9m\u00f4mes","robots":{"index":"index","follow":"follow","max-snippet":"max-snippet:-1","max-image-preview":"max-image-preview:large","max-video-preview":"max-video-preview:-1"},"canonical":"https:\/\/pro.citemomes.fr\/index.php\/tricote-moi-un-tableau\/","og_locale":"fr_FR","og_type":"article","og_title":"\u00ab Tricote-moi un tableau \u00bb - Cit\u00e9m\u00f4mes","og_description":"Depuis la cr\u00e9ation de notre premi\u00e8re oeuvre g\u00e9ante en tricot, une v\u00e9ritable dynamique a \u00e9t\u00e9 impuls\u00e9e !\u00a0 C\u2019est ainsi qu\u2019un certain nombre de structures ont rejoint le d\u00e9fi \u00ab Ensemble nous sommes Monet \u00bb en cr\u00e9ant elles-m\u00eames leur propre tableau, ou le d\u00e9tail d\u2019une \u0153uvre c\u00e9l\u00e8bre, comme par exemple Les Tournesols ou La Nuit \u00c9toil\u00e9e&hellip; Lire la suite \u00ab Tricote-moi un tableau \u00bb","og_url":"https:\/\/pro.citemomes.fr\/index.php\/tricote-moi-un-tableau\/","og_site_name":"Cit\u00e9m\u00f4mes","article_modified_time":"2021-11-02T13:49:17+00:00","twitter_card":"summary_large_image","twitter_misc":{"Dur\u00e9e de lecture estim\u00e9e":"1 minute"},"schema":{"@context":"https:\/\/schema.org","@graph":[{"@type":"WebPage","@id":"https:\/\/pro.citemomes.fr\/index.php\/tricote-moi-un-tableau\/","url":"https:\/\/pro.citemomes.fr\/index.php\/tricote-moi-un-tableau\/","name":"\u00ab Tricote-moi un tableau \u00bb - Cit\u00e9m\u00f4mes","isPartOf":{"@id":"https:\/\/pro.citemomes.fr\/#website"},"datePublished":"2021-02-19T08:31:39+00:00","dateModified":"2021-11-02T13:49:17+00:00","breadcrumb":{"@id":"https:\/\/pro.citemomes.fr\/index.php\/tricote-moi-un-tableau\/#breadcrumb"},"inLanguage":"fr-FR","potentialAction":[{"@type":"ReadAction","target":["https:\/\/pro.citemomes.fr\/index.php\/tricote-moi-un-tableau\/"]}]},{"@type":"BreadcrumbList","@id":"https:\/\/pro.citemomes.fr\/index.php\/tricote-moi-un-tableau\/#breadcrumb","itemListElement":[{"@type":"ListItem","position":1,"name":"Accueil","item":"https:\/\/pro.citemomes.fr\/"},{"@type":"ListItem","position":2,"name":"\u00ab Tricote-moi un tableau \u00bb"}]},{"@type":"WebSite","@id":"https:\/\/pro.citemomes.fr\/#website","url":"https:\/\/pro.citemomes.fr\/","name":"Cit\u00e9m\u00f4mes","description":"D\u00e9couvrir, cr\u00e9er, r\u00eaver","publisher":{"@id":"https:\/\/pro.citemomes.fr\/#organization"},"potentialAction":[{"@type":"SearchAction","target":{"@type":"EntryPoint","urlTemplate":"https:\/\/pro.citemomes.fr\/?s={search_term_string}"},"query-input":"required name=search_term_string"}],"inLanguage":"fr-FR"},{"@type":"Organization","@id":"https:\/\/pro.citemomes.fr\/#organization","name":"Cit\u00e9m\u00f4mes","url":"https:\/\/pro.citemomes.fr\/","logo":{"@type":"ImageObject","inLanguage":"fr-FR","@id":"https:\/\/pro.citemomes.fr\/#\/schema\/logo\/image\/","url":"https:\/\/pro.citemomes.fr\/wp-content\/uploads\/2021\/03\/cropped-Baniere-haut-definition-1.png","contentUrl":"https:\/\/pro.citemomes.fr\/wp-content\/uploads\/2021\/03\/cropped-Baniere-haut-definition-1.png","width":518,"height":286,"caption":"Cit\u00e9m\u00f4mes"},"image":{"@id":"https:\/\/pro.citemomes.fr\/#\/schema\/logo\/image\/"}}]}},"_links":{"self":[{"href":"https:\/\/pro.citemomes.fr\/index.php\/wp-json\/wp\/v2\/pages\/75"}],"collection":[{"href":"https:\/\/pro.citemomes.fr\/index.php\/wp-json\/wp\/v2\/pages"}],"about":[{"href":"https:\/\/pro.citemomes.fr\/index.php\/wp-json\/wp\/v2\/types\/page"}],"author":[{"embeddable":true,"href":"https:\/\/pro.citemomes.fr\/index.php\/wp-json\/wp\/v2\/users\/1"}],"replies":[{"embeddable":true,"href":"https:\/\/pro.citemomes.fr\/index.php\/wp-json\/wp\/v2\/comments?post=75"}],"version-history":[{"count":17,"href":"https:\/\/pro.citemomes.fr\/index.php\/wp-json\/wp\/v2\/pages\/75\/revisions"}],"predecessor-version":[{"id":1835,"href":"https:\/\/pro.citemomes.fr\/index.php\/wp-json\/wp\/v2\/pages\/75\/revisions\/1835"}],"wp:attachment":[{"href":"https:\/\/pro.citemomes.fr\/index.php\/wp-json\/wp\/v2\/media?parent=75"}],"curies":[{"name":"wp","href":"https:\/\/api.w.org\/{rel}","templated":true}]}}