{"id":287,"date":"2021-04-15T16:38:36","date_gmt":"2021-04-15T14:38:36","guid":{"rendered":"http:\/\/pro.citemomes.fr\/?page_id=287"},"modified":"2022-09-07T12:53:59","modified_gmt":"2022-09-07T10:53:59","slug":"les-formations","status":"publish","type":"page","link":"https:\/\/pro.citemomes.fr\/index.php\/les-formations\/","title":{"rendered":"Les formations"},"content":{"rendered":"\t\t<div data-elementor-type=\"wp-page\" data-elementor-id=\"287\" class=\"elementor elementor-287\">\n\t\t\t\t\t\t<section class=\"elementor-section elementor-top-section elementor-element elementor-element-384e7ed elementor-hidden-tablet elementor-hidden-phone elementor-section-boxed elementor-section-height-default elementor-section-height-default\" data-id=\"384e7ed\" data-element_type=\"section\">\n\t\t\t\t\t\t<div class=\"elementor-container elementor-column-gap-default\">\n\t\t\t\t\t<div class=\"elementor-column elementor-col-100 elementor-top-column elementor-element elementor-element-2ae9057\" data-id=\"2ae9057\" data-element_type=\"column\">\n\t\t\t<div class=\"elementor-widget-wrap elementor-element-populated\">\n\t\t\t\t\t\t<div class=\"elementor-element elementor-element-b2058c9 elementor-widget elementor-widget-text-editor\" data-id=\"b2058c9\" data-element_type=\"widget\" data-widget_type=\"text-editor.default\">\n\t\t\t\t<div class=\"elementor-widget-container\">\n\t\t\t\t\t\t\t<p style=\"text-align: center;\"><strong>Nous intervenons toute l\u2019ann\u00e9e au sein de vos structures afin de former vos \u00e9quipes \u00e0 nos diff\u00e9rents outils dans le cadre de l\u2019acquisition de ceux-ci, ou en permettant \u00e0 vos \u00e9quipes de m\u00e9diation et d&rsquo;animation, d\u2019acqu\u00e9rir de nouvelles comp\u00e9tences et d\u00e9couvrir de nouvelles disciplines.\u00a0<\/strong><\/p><p style=\"text-align: center;\">L\u2019objectif de ces formations est avant tout la <strong>transmission de nos valeurs<\/strong> et le <strong>partage de notre exp\u00e9rience<\/strong>.\u00a0<\/p><p style=\"text-align: center;\">\u00a0<\/p><p style=\"text-align: center;\">\u00a0<\/p><p style=\"text-align: center;\">\u00a0<\/p><p style=\"text-align: center;\">Ainsi, lors de ces temps d\u2019\u00e9changes, nous mettons en avant les bases de la m\u00e9diation culturelle tout en mettant l\u2019accent sur la connaissance de ses cibles et des contenus \u00e0 transmettre.<\/p><p style=\"text-align: center;\">Un certain nombre de cl\u00e9s sont ainsi livr\u00e9es afin de vous permettre de vous approprier les outils cr\u00e9\u00e9s pour votre structure ou d\u2019aller plus loin dans le projet que vous souhaitez mettre en place.<\/p><p style=\"text-align: center;\">Nous intervenons \u00e9galement \u00e0 l\u2019occasion de s\u00e9minaires, colloques ou formations professionnelles pour apporter notre point de vue et exp\u00e9rience, mais aussi faire avancer les choses ensemble&#8230; En souriant ! \ud83d\ude0a<\/p><p style=\"text-align: center;\">\u00a0<\/p>\t\t\t\t\t\t<\/div>\n\t\t\t\t<\/div>\n\t\t\t\t<div class=\"elementor-element elementor-element-94fec87 elementor-widget elementor-widget-text-editor\" data-id=\"94fec87\" data-element_type=\"widget\" data-widget_type=\"text-editor.default\">\n\t\t\t\t<div class=\"elementor-widget-container\">\n\t\t\t\t\t\t\t<p><strong><span style=\"font-size: 20px; color: #008080;\">Les formations que nous proposons aujourd\u2019hui :<\/span><\/strong><\/p>\n<ul>\n<li style=\"list-style-type: none;\">\n<ul>\n<li aria-level=\"1\"><i>\u00ab\u00a0Animer des s\u00e9ances d&rsquo;\u00e9veil culturel pour les tout-petits\u00a0\u00bb<\/i><\/li>\n<li aria-level=\"1\"><i>\u00ab\u00a0Carnets d&rsquo;ailleurs : mise en oeuvre d&rsquo;un projet pluridisciplinaire autour du voyage\u00a0\u00bb<\/i><\/li>\n<li aria-level=\"1\">Des formations sur-mesure \u00e0 construire ensemble en fonction de vos besoins !<\/li>\n<\/ul>\n<\/li>\n<\/ul>\t\t\t\t\t\t<\/div>\n\t\t\t\t<\/div>\n\t\t\t\t<div class=\"elementor-element elementor-element-d0439c2 elementor-widget elementor-widget-text-editor\" data-id=\"d0439c2\" data-element_type=\"widget\" data-widget_type=\"text-editor.default\">\n\t\t\t\t<div class=\"elementor-widget-container\">\n\t\t\t\t\t\t\t<p><strong><span style=\"font-size: 20px; color: #008080;\">Quelques exemples de formations r\u00e9alis\u00e9es :<\/span><\/strong><\/p><ul><li style=\"list-style-type: none;\"><ul><li aria-level=\"1\">Intervention formation DDCS \u00ab <em>Construire et accompagner des projets culturels et artistiques en accueil collectif de mineur<\/em> \u00bb \u00e0 Elbeuf (<strong>2014<\/strong>)<\/li><li aria-level=\"1\">Formation des m\u00e9diateurs et du personnel d\u2019accueil \u00e0 la Dune du Pilat (<strong>2017 et 2018<\/strong>)<\/li><li aria-level=\"1\">Unesco P\u00f4le International Francophone (<strong>2011 et 2019<\/strong>)<ul><li style=\"list-style-type: none;\"><ul><li style=\"list-style-type: none;\">\u00a0<\/li><\/ul><\/li><\/ul><\/li><\/ul><\/li><\/ul>\t\t\t\t\t\t<\/div>\n\t\t\t\t<\/div>\n\t\t\t\t<div class=\"elementor-element elementor-element-b88384e elementor-widget elementor-widget-text-editor\" data-id=\"b88384e\" data-element_type=\"widget\" data-widget_type=\"text-editor.default\">\n\t\t\t\t<div class=\"elementor-widget-container\">\n\t\t\t\t\t\t\t<p style=\"text-align: center;\"><strong><span style=\"color: #008080;\">Nous sommes \u00e0 votre disposition pour \u00e9changer au sujet de vos id\u00e9es ou de vos envies !<\/span><\/strong><\/p>\t\t\t\t\t\t<\/div>\n\t\t\t\t<\/div>\n\t\t\t\t<div class=\"elementor-element elementor-element-6d83c66c elementor-widget elementor-widget-text-editor\" data-id=\"6d83c66c\" data-element_type=\"widget\" data-widget_type=\"text-editor.default\">\n\t\t\t\t<div class=\"elementor-widget-container\">\n\t\t\t\t\t\t\t<p style=\"text-align: center;\"><strong><span style=\"text-decoration: underline;\"><span style=\"color: #000000; text-decoration: underline;\">Tarifs<\/span><\/span><span style=\"color: #000000;\"> :<\/span><\/strong><\/p><p style=\"text-align: center;\"><strong>Devis disponible sur demande par t\u00e9l\u00e9phone ou par mail.<\/strong><\/p>\t\t\t\t\t\t<\/div>\n\t\t\t\t<\/div>\n\t\t\t\t\t<\/div>\n\t\t<\/div>\n\t\t\t\t\t<\/div>\n\t\t<\/section>\n\t\t\t\t<section class=\"elementor-section elementor-top-section elementor-element elementor-element-4b92a21 elementor-hidden-desktop elementor-section-boxed elementor-section-height-default elementor-section-height-default\" data-id=\"4b92a21\" data-element_type=\"section\">\n\t\t\t\t\t\t<div class=\"elementor-container elementor-column-gap-default\">\n\t\t\t\t\t<div class=\"elementor-column elementor-col-100 elementor-top-column elementor-element elementor-element-e424f40\" data-id=\"e424f40\" data-element_type=\"column\">\n\t\t\t<div class=\"elementor-widget-wrap elementor-element-populated\">\n\t\t\t\t\t\t<div class=\"elementor-element elementor-element-c9b3133 elementor-widget elementor-widget-text-editor\" data-id=\"c9b3133\" data-element_type=\"widget\" data-widget_type=\"text-editor.default\">\n\t\t\t\t<div class=\"elementor-widget-container\">\n\t\t\t\t\t\t\t<p>Nous intervenons toute l\u2019ann\u00e9e au sein de vos structures afin de former vos \u00e9quipes \u00e0 nos diff\u00e9rents outils dans le cadre de l\u2019acquisition de ceux-ci, ou en permettant \u00e0 vos \u00e9quipes de m\u00e9diation et d&rsquo;animation, d\u2019acqu\u00e9rir de nouvelles comp\u00e9tences et d\u00e9couvrir de nouvelles disciplines.\u00a0<\/p><p>L\u2019objectif de ces formations est avant tout la transmission de nos valeurs et le partage de notre exp\u00e9rience.<\/p><p>Ainsi, lors de ces temps d\u2019\u00e9changes, nous mettons en avant les bases de la m\u00e9diation culturelle tout en mettant l\u2019accent sur la connaissance de ses cibles et des contenus \u00e0 transmettre<\/p><p>Un certain nombre de cl\u00e9s sont ainsi livr\u00e9es afin de vous permettre de vous approprier les outils cr\u00e9\u00e9s pour votre structure ou d\u2019aller plus loin dans le projet que vous souhaitez mettre en place.<\/p><p>Nous intervenons \u00e9galement \u00e0 l\u2019occasion de s\u00e9minaires, colloques ou formations professionnelles pour apporter notre point de vue et exp\u00e9rience, mais aussi faire avancer les choses ensemble&#8230; En souriant !<\/p><p>\u00a0<\/p>\t\t\t\t\t\t<\/div>\n\t\t\t\t<\/div>\n\t\t\t\t<div class=\"elementor-element elementor-element-ef3a941 elementor-widget elementor-widget-text-editor\" data-id=\"ef3a941\" data-element_type=\"widget\" data-widget_type=\"text-editor.default\">\n\t\t\t\t<div class=\"elementor-widget-container\">\n\t\t\t\t\t\t\t<p><span style=\"font-size: 20px; color: #008080;\">Formations que nous proposons aujourd\u2019hui :<\/span><\/p><ul><li style=\"list-style-type: none;\"><ul><li style=\"list-style-type: none;\"><ul><li aria-level=\"1\">\u201cxxx\u201d en lien avec la DDCS (voir page PDF)<\/li><li aria-level=\"1\">sur-mesure en fonction de vos besoins<\/li><\/ul><\/li><\/ul><\/li><\/ul>\t\t\t\t\t\t<\/div>\n\t\t\t\t<\/div>\n\t\t\t\t<div class=\"elementor-element elementor-element-c55add6 elementor-widget elementor-widget-text-editor\" data-id=\"c55add6\" data-element_type=\"widget\" data-widget_type=\"text-editor.default\">\n\t\t\t\t<div class=\"elementor-widget-container\">\n\t\t\t\t\t\t\t<p><span style=\"font-size: 20px; color: #008080;\">\u00a0Quelques exemples de formations r\u00e9alis\u00e9es :<\/span><\/p><ul><li style=\"list-style-type: none;\"><ul><li style=\"list-style-type: none;\"><ul><li aria-level=\"1\">Intervention formation DDCS \u00ab Construire et accompagner des projets culturels et artistiques en accueil collectif de mineur \u00bb \u00e0 Elbeuf (2014)<\/li><li aria-level=\"1\">Formation des m\u00e9diateurs et du personnel d\u2019accueil \u00e0 la Dune du Pilat (2017 et 2018)<\/li><li aria-level=\"1\">unesco pole international francophone 2011 et 2019 (\u00e0 v\u00e9rifier)<ul><li style=\"list-style-type: none;\">\u00a0<\/li><\/ul><\/li><\/ul><\/li><\/ul><\/li><\/ul>\t\t\t\t\t\t<\/div>\n\t\t\t\t<\/div>\n\t\t\t\t<div class=\"elementor-element elementor-element-c6b27e0 elementor-widget elementor-widget-text-editor\" data-id=\"c6b27e0\" data-element_type=\"widget\" data-widget_type=\"text-editor.default\">\n\t\t\t\t<div class=\"elementor-widget-container\">\n\t\t\t\t\t\t\t<p style=\"text-align: center;\"><b>Bandeau d\u2019images<\/b><\/p>\t\t\t\t\t\t<\/div>\n\t\t\t\t<\/div>\n\t\t\t\t<div class=\"elementor-element elementor-element-d5ac353 elementor-widget elementor-widget-text-editor\" data-id=\"d5ac353\" data-element_type=\"widget\" data-widget_type=\"text-editor.default\">\n\t\t\t\t<div class=\"elementor-widget-container\">\n\t\t\t\t\t\t\t<p style=\"text-align: center;\"><strong><span style=\"color: #008080;\">Nous sommes \u00e0 votre disposition pour \u00e9changer au sujet de vos id\u00e9es ou de vos envies !<\/span><\/strong><\/p>\t\t\t\t\t\t<\/div>\n\t\t\t\t<\/div>\n\t\t\t\t<div class=\"elementor-element elementor-element-159e328 elementor-widget elementor-widget-text-editor\" data-id=\"159e328\" data-element_type=\"widget\" data-widget_type=\"text-editor.default\">\n\t\t\t\t<div class=\"elementor-widget-container\">\n\t\t\t\t\t\t\t<p><span style=\"text-decoration: underline;\"><span style=\"color: #000000; text-decoration: underline;\">Tarifs :<\/span><\/span> <a href=\"http:\/\/pro.citemomes.fr\/index.php\/contact\/\">Devis disponible sur demande par t\u00e9l\u00e9phone ou par mail. (contacter ici !)<\/a><\/p>\t\t\t\t\t\t<\/div>\n\t\t\t\t<\/div>\n\t\t\t\t\t<\/div>\n\t\t<\/div>\n\t\t\t\t\t<\/div>\n\t\t<\/section>\n\t\t\t\t<\/div>\n\t\t","protected":false},"excerpt":{"rendered":"<p>Nous intervenons toute l\u2019ann\u00e9e au sein de vos structures afin de former vos \u00e9quipes \u00e0 nos diff\u00e9rents outils dans le cadre de l\u2019acquisition de ceux-ci, ou en permettant \u00e0 vos \u00e9quipes de m\u00e9diation et d&rsquo;animation, d\u2019acqu\u00e9rir de nouvelles comp\u00e9tences et d\u00e9couvrir de nouvelles disciplines.\u00a0 L\u2019objectif de ces formations est avant tout la transmission de nos&hellip; <a href=\"https:\/\/pro.citemomes.fr\/index.php\/les-formations\/\" class=\"more-link\">Lire la suite <span class=\"screen-reader-text\">Les formations<\/span><\/a><\/p>\n","protected":false},"author":1,"featured_media":0,"parent":0,"menu_order":0,"comment_status":"closed","ping_status":"closed","template":"elementor_header_footer","meta":[],"yoast_head":"<!-- This site is optimized with the Yoast SEO plugin v21.1 - https:\/\/yoast.com\/wordpress\/plugins\/seo\/ -->\n<title>Les formations - Cit\u00e9m\u00f4mes<\/title>\n<meta name=\"description\" content=\"Nous intervenons toute l\u2019ann\u00e9e au sein de vos structures afin de former vos \u00e9quipes \u00e0 nos diff\u00e9rents outils dans le cadre de l\u2019acquisition de ceux-ci, ou en permettant \u00e0 vos \u00e9quipes de m\u00e9diation et d\u2019animation, d\u2019acqu\u00e9rir de nouvelles comp\u00e9tences et d\u00e9couvrir de nouvelles disciplines.\" \/>\n<meta name=\"robots\" content=\"index, follow, max-snippet:-1, max-image-preview:large, max-video-preview:-1\" \/>\n<link rel=\"canonical\" href=\"https:\/\/pro.citemomes.fr\/index.php\/les-formations\/\" \/>\n<meta property=\"og:locale\" content=\"fr_FR\" \/>\n<meta property=\"og:type\" content=\"article\" \/>\n<meta property=\"og:title\" content=\"Les formations - Cit\u00e9m\u00f4mes\" \/>\n<meta property=\"og:description\" content=\"Nous intervenons toute l\u2019ann\u00e9e au sein de vos structures afin de former vos \u00e9quipes \u00e0 nos diff\u00e9rents outils dans le cadre de l\u2019acquisition de ceux-ci, ou en permettant \u00e0 vos \u00e9quipes de m\u00e9diation et d\u2019animation, d\u2019acqu\u00e9rir de nouvelles comp\u00e9tences et d\u00e9couvrir de nouvelles disciplines.\" \/>\n<meta property=\"og:url\" content=\"https:\/\/pro.citemomes.fr\/index.php\/les-formations\/\" \/>\n<meta property=\"og:site_name\" content=\"Cit\u00e9m\u00f4mes\" \/>\n<meta property=\"article:modified_time\" content=\"2022-09-07T10:53:59+00:00\" \/>\n<meta name=\"twitter:card\" content=\"summary_large_image\" \/>\n<meta name=\"twitter:label1\" content=\"Dur\u00e9e de lecture estim\u00e9e\" \/>\n\t<meta name=\"twitter:data1\" content=\"3 minutes\" \/>\n<script type=\"application\/ld+json\" class=\"yoast-schema-graph\">{\"@context\":\"https:\/\/schema.org\",\"@graph\":[{\"@type\":\"WebPage\",\"@id\":\"https:\/\/pro.citemomes.fr\/index.php\/les-formations\/\",\"url\":\"https:\/\/pro.citemomes.fr\/index.php\/les-formations\/\",\"name\":\"Les formations - Cit\u00e9m\u00f4mes\",\"isPartOf\":{\"@id\":\"https:\/\/pro.citemomes.fr\/#website\"},\"datePublished\":\"2021-04-15T14:38:36+00:00\",\"dateModified\":\"2022-09-07T10:53:59+00:00\",\"description\":\"Nous intervenons toute l\u2019ann\u00e9e au sein de vos structures afin de former vos \u00e9quipes \u00e0 nos diff\u00e9rents outils dans le cadre de l\u2019acquisition de ceux-ci, ou en permettant \u00e0 vos \u00e9quipes de m\u00e9diation et d\u2019animation, d\u2019acqu\u00e9rir de nouvelles comp\u00e9tences et d\u00e9couvrir de nouvelles disciplines.\",\"breadcrumb\":{\"@id\":\"https:\/\/pro.citemomes.fr\/index.php\/les-formations\/#breadcrumb\"},\"inLanguage\":\"fr-FR\",\"potentialAction\":[{\"@type\":\"ReadAction\",\"target\":[\"https:\/\/pro.citemomes.fr\/index.php\/les-formations\/\"]}]},{\"@type\":\"BreadcrumbList\",\"@id\":\"https:\/\/pro.citemomes.fr\/index.php\/les-formations\/#breadcrumb\",\"itemListElement\":[{\"@type\":\"ListItem\",\"position\":1,\"name\":\"Accueil\",\"item\":\"https:\/\/pro.citemomes.fr\/\"},{\"@type\":\"ListItem\",\"position\":2,\"name\":\"Les formations\"}]},{\"@type\":\"WebSite\",\"@id\":\"https:\/\/pro.citemomes.fr\/#website\",\"url\":\"https:\/\/pro.citemomes.fr\/\",\"name\":\"Cit\u00e9m\u00f4mes\",\"description\":\"D\u00e9couvrir, cr\u00e9er, r\u00eaver\",\"publisher\":{\"@id\":\"https:\/\/pro.citemomes.fr\/#organization\"},\"potentialAction\":[{\"@type\":\"SearchAction\",\"target\":{\"@type\":\"EntryPoint\",\"urlTemplate\":\"https:\/\/pro.citemomes.fr\/?s={search_term_string}\"},\"query-input\":\"required name=search_term_string\"}],\"inLanguage\":\"fr-FR\"},{\"@type\":\"Organization\",\"@id\":\"https:\/\/pro.citemomes.fr\/#organization\",\"name\":\"Cit\u00e9m\u00f4mes\",\"url\":\"https:\/\/pro.citemomes.fr\/\",\"logo\":{\"@type\":\"ImageObject\",\"inLanguage\":\"fr-FR\",\"@id\":\"https:\/\/pro.citemomes.fr\/#\/schema\/logo\/image\/\",\"url\":\"https:\/\/pro.citemomes.fr\/wp-content\/uploads\/2021\/03\/cropped-Baniere-haut-definition-1.png\",\"contentUrl\":\"https:\/\/pro.citemomes.fr\/wp-content\/uploads\/2021\/03\/cropped-Baniere-haut-definition-1.png\",\"width\":518,\"height\":286,\"caption\":\"Cit\u00e9m\u00f4mes\"},\"image\":{\"@id\":\"https:\/\/pro.citemomes.fr\/#\/schema\/logo\/image\/\"}}]}<\/script>\n<!-- \/ Yoast SEO plugin. -->","yoast_head_json":{"title":"Les formations - Cit\u00e9m\u00f4mes","description":"Nous intervenons toute l\u2019ann\u00e9e au sein de vos structures afin de former vos \u00e9quipes \u00e0 nos diff\u00e9rents outils dans le cadre de l\u2019acquisition de ceux-ci, ou en permettant \u00e0 vos \u00e9quipes de m\u00e9diation et d\u2019animation, d\u2019acqu\u00e9rir de nouvelles comp\u00e9tences et d\u00e9couvrir de nouvelles disciplines.","robots":{"index":"index","follow":"follow","max-snippet":"max-snippet:-1","max-image-preview":"max-image-preview:large","max-video-preview":"max-video-preview:-1"},"canonical":"https:\/\/pro.citemomes.fr\/index.php\/les-formations\/","og_locale":"fr_FR","og_type":"article","og_title":"Les formations - Cit\u00e9m\u00f4mes","og_description":"Nous intervenons toute l\u2019ann\u00e9e au sein de vos structures afin de former vos \u00e9quipes \u00e0 nos diff\u00e9rents outils dans le cadre de l\u2019acquisition de ceux-ci, ou en permettant \u00e0 vos \u00e9quipes de m\u00e9diation et d\u2019animation, d\u2019acqu\u00e9rir de nouvelles comp\u00e9tences et d\u00e9couvrir de nouvelles disciplines.","og_url":"https:\/\/pro.citemomes.fr\/index.php\/les-formations\/","og_site_name":"Cit\u00e9m\u00f4mes","article_modified_time":"2022-09-07T10:53:59+00:00","twitter_card":"summary_large_image","twitter_misc":{"Dur\u00e9e de lecture estim\u00e9e":"3 minutes"},"schema":{"@context":"https:\/\/schema.org","@graph":[{"@type":"WebPage","@id":"https:\/\/pro.citemomes.fr\/index.php\/les-formations\/","url":"https:\/\/pro.citemomes.fr\/index.php\/les-formations\/","name":"Les formations - Cit\u00e9m\u00f4mes","isPartOf":{"@id":"https:\/\/pro.citemomes.fr\/#website"},"datePublished":"2021-04-15T14:38:36+00:00","dateModified":"2022-09-07T10:53:59+00:00","description":"Nous intervenons toute l\u2019ann\u00e9e au sein de vos structures afin de former vos \u00e9quipes \u00e0 nos diff\u00e9rents outils dans le cadre de l\u2019acquisition de ceux-ci, ou en permettant \u00e0 vos \u00e9quipes de m\u00e9diation et d\u2019animation, d\u2019acqu\u00e9rir de nouvelles comp\u00e9tences et d\u00e9couvrir de nouvelles disciplines.","breadcrumb":{"@id":"https:\/\/pro.citemomes.fr\/index.php\/les-formations\/#breadcrumb"},"inLanguage":"fr-FR","potentialAction":[{"@type":"ReadAction","target":["https:\/\/pro.citemomes.fr\/index.php\/les-formations\/"]}]},{"@type":"BreadcrumbList","@id":"https:\/\/pro.citemomes.fr\/index.php\/les-formations\/#breadcrumb","itemListElement":[{"@type":"ListItem","position":1,"name":"Accueil","item":"https:\/\/pro.citemomes.fr\/"},{"@type":"ListItem","position":2,"name":"Les formations"}]},{"@type":"WebSite","@id":"https:\/\/pro.citemomes.fr\/#website","url":"https:\/\/pro.citemomes.fr\/","name":"Cit\u00e9m\u00f4mes","description":"D\u00e9couvrir, cr\u00e9er, r\u00eaver","publisher":{"@id":"https:\/\/pro.citemomes.fr\/#organization"},"potentialAction":[{"@type":"SearchAction","target":{"@type":"EntryPoint","urlTemplate":"https:\/\/pro.citemomes.fr\/?s={search_term_string}"},"query-input":"required name=search_term_string"}],"inLanguage":"fr-FR"},{"@type":"Organization","@id":"https:\/\/pro.citemomes.fr\/#organization","name":"Cit\u00e9m\u00f4mes","url":"https:\/\/pro.citemomes.fr\/","logo":{"@type":"ImageObject","inLanguage":"fr-FR","@id":"https:\/\/pro.citemomes.fr\/#\/schema\/logo\/image\/","url":"https:\/\/pro.citemomes.fr\/wp-content\/uploads\/2021\/03\/cropped-Baniere-haut-definition-1.png","contentUrl":"https:\/\/pro.citemomes.fr\/wp-content\/uploads\/2021\/03\/cropped-Baniere-haut-definition-1.png","width":518,"height":286,"caption":"Cit\u00e9m\u00f4mes"},"image":{"@id":"https:\/\/pro.citemomes.fr\/#\/schema\/logo\/image\/"}}]}},"_links":{"self":[{"href":"https:\/\/pro.citemomes.fr\/index.php\/wp-json\/wp\/v2\/pages\/287"}],"collection":[{"href":"https:\/\/pro.citemomes.fr\/index.php\/wp-json\/wp\/v2\/pages"}],"about":[{"href":"https:\/\/pro.citemomes.fr\/index.php\/wp-json\/wp\/v2\/types\/page"}],"author":[{"embeddable":true,"href":"https:\/\/pro.citemomes.fr\/index.php\/wp-json\/wp\/v2\/users\/1"}],"replies":[{"embeddable":true,"href":"https:\/\/pro.citemomes.fr\/index.php\/wp-json\/wp\/v2\/comments?post=287"}],"version-history":[{"count":96,"href":"https:\/\/pro.citemomes.fr\/index.php\/wp-json\/wp\/v2\/pages\/287\/revisions"}],"predecessor-version":[{"id":2168,"href":"https:\/\/pro.citemomes.fr\/index.php\/wp-json\/wp\/v2\/pages\/287\/revisions\/2168"}],"wp:attachment":[{"href":"https:\/\/pro.citemomes.fr\/index.php\/wp-json\/wp\/v2\/media?parent=287"}],"curies":[{"name":"wp","href":"https:\/\/api.w.org\/{rel}","templated":true}]}}